. Let b(y) = -4*y + 21. Let f(j) = 3*b(j) + 2*z(j). Suppose -5*p + 11 = -44. Calculate f(p).
-9
Let x be -2 - (-2 + -10) - (11 - 2). Let g(k) = -6*k**3 - 11*k**2 + 8*k + 2. Give g(x).
-7
Let h(c) be the second derivative of c**6/120 + c**5/4 + 2*c**4/3 + 23*c**3/6 - 114*c**2 + 18*c - 5. Let q(z) be the first derivative of h(z). Give q(-14).
-5
Let l(x) = x**3 + x**2 - 5*x + 1. Let a(m) = 2*m + 1 - 2*m**2 + 2*m + 3*m**2 - 5*m. Let d(s) = -5*a(s) + l(s). Let b be (-60)/(-14) - (-2)/(-7). Give d(b).
-4
Let t(q) = -13*q + 128. Let a be t(8). Let n(b) = -11 + a - b**2 - 8. Calculate n(6).
-31
Let p(z) = 42*z**2 - 2 + 16*z + 51*z**2 - 2*z**3 - 142*z**2 + 51*z**2 + z**3. Determine p(-3).
-5
Suppose 19 = 5*n - o + 2, -14 = -4*n + o. Let q(j) be the third derivative of 7/24*j**4 + 0 - 1/6*j**n + 23*j**2 + 1/60*j**5 + 0*j. Determine q(-6).
-7
Suppose -j = -2*l + 10 + 3, 0 = -j + 5*l - 25. Let u be (-450)/j - (-6 - -3). Let q(m) = 1 + 8*m**2 - u*m + 93*m. Determine q(-1).
9
Let k(v) = -v**3 - 6*v**2 + 6*v - 1. Let o be 3/6 - (-30)/(-4). Let l be k(o). Let p(x) = 2 - l + 7 - x**2. Determine p(3).
-6
Let f be (-2 - 1)/(3/4). Let n(u) = 25*u**2 + 23*u. Let t(h) = -46*h**2 - 42*h + 1. Let s(k) = 11*n(k) + 6*t(k). What is s(f)?
-14
Let j(n) = -3*n + 185. Let h(i) = -6*i + 276. Let q(y) = -5*h(y) + 8*j(y). Calculate q(-16).
4
Let v be (3 + -1)*(-20)/(-10). Let b(x) = 3*x**2 - 17*x + 20. Let i be b(v). Let p(t) = t - t**2 - 19 + 1 + 0*t**2. Give p(i).
-18
Let j(i) = -i**2 - 100*i - 394. Let m be j(-4). Let l(z) = 2*z**2 + 21*z + 6. Give l(m).
-4
Let g(m) = m + 1. Let l(n) = 66*n - 8 - 41*n - 29*n. Let i(x) = 2*g(x) + l(x). Calculate i(-7).
8
Let h(s) = 5*s**2 + 108*s - 155. Let z(q) = 3*q**2 + 70*q - 103. Let u(r) = 5*h(r) - 8*z(r). Determine u(17).
-2
Let f(g) = 5*g**2 + 265 - 559 + 282 + 2*g**2. What is f(-3)?
51
Let o(j) = -3*j. Let b be o(1). Let v be (-88)/(-6) - (-2)/b. Let n(t) = -17*t + v*t + t**2 - 3 + 4. Give n(3).
1
Let w(i) = -i + 68. Let x(s) = s - 155. Let q(u) = 2*w(u) + x(u). Calculate q(-26).
7
Let i(y) = y**2 - 9*y + 9. Let w = 89 - 86. Suppose -3*r + m + w*m + 33 = 0, 4*m + 12 = 0. What is i(r)?
-5
Let l(c) = -9 + 1823*c - 8*c**2 - c**3 - 777*c - 1062*c. Give l(-5).
-4
Let p(l) = 10 + 7 - l - 17 + 1 + 39. Calculate p(15).
25
Let x be (2925/26)/(-15)*(-16)/5. Suppose 5*i + 45 = -5*c, 5*i - x = 4*c + 6*i. Let u(a) = a**2 + 6*a + 6. Give u(c).
1
Suppose 175 = 114*y + 61*y. Let c(m) = 11*m - 4. Let j(n) = 210*n - 75. Let t(s) = -75*c(s) + 4*j(s). What is t(y)?
15
Let c be -2 + 1 + (-1 - -7). Let u(f) = 2*f + c + 3 - 11. Give u(0).
-3
Let f(n) = -n**3 - 32*n**2 + 77*n + 299. Let r be f(-34). Let w(i) = i - 1. Let v(h) = h**2 + 3*h - 1. Let k(u) = -v(u) - 5*w(u). Give k(r).
13
Let p(b) = -b - 3. Suppose -n + 7 = 3, -4*s - 5*n = -20. Suppose 59 = -3*h + 2*r, -2*h = -5*h - 3*r - 69. Let t be (s - (-3)/h) + 110/35. Determine p(t).
-6
Let s = 3 - 37. Let g = 1754 - 1750. Let l be g/(-6) - (s/6 - 1). Let b(k) = -k**2 + 7*k - 9. Give b(l).
-3
Suppose -93*j - 506 = -116*j. Let i(d) = 20 - 3*d - j - 10. Calculate i(-5).
3
Let g(u) be the third derivative of u**7/2520 + 7*u**6/720 + u**5/60 - 33*u**4/8 - 21*u**2 - u. Let q(j) be the second derivative of g(j). What is q(-5)?
-8
Let l(s) = 9*s**2 - 3. Let r(p) = p**2 - 1. Let o(t) = -l(t) + 2*r(t). Let a be -2*(-33)/(-44) - 25/20*-2. What is o(a)?
-6
Let m = -20788 + 20798. Let d(p) = -10*p + 121. Determine d(m).
21
Let p(x) be the second derivative of 8*x + 1/2*x**2 + 0 - 1/6*x**3. Suppose 0 = 3*g - n - 11, 5*g - 3*n = 7 + 10. Calculate p(g).
-3
Let t(k) = -k**3 - 8*k**2 - 7*k + 8. Suppose -121*r + 1116 = -118*r. Let q = r + -378. Determine t(q).
-22
Let c = -17 - -29. Suppose 0*w + c = 3*w. Let n(h) be the second derivative of -h**5/20 + h**4/4 + 2*h**3/3 - h**2 + 22*h - 182. Give n(w).
-2
Let n(l) = -6*l + 2. Let i(z) = 108*z - 1396. Let v be i(13). Determine n(v).
-46
Let g = -33769 - -33771. Let x(p) = 21*p. What is x(g)?
42
Let i(c) = c + 8. Let a(y) = -10*y + 53. Suppose 0 = -j - n - 17, 5*j + 2*n + 0*n = -76. Let t(u) = 2*u + 34. Let k be t(j). Let h be a(k). Calculate i(h).
1
Suppose -4 = -2*w + k, -4*w - 9 + 1 = 2*k. Let f(b) = 2*b**2 - 3*b**2 + 0*b**2 + 33600 - 4*b - 33599. Give f(w).
1
Let g(d) = -2*d**2 + 22*d + 17. Suppose -3206*q = -3211*q + 55. Determine g(q).
17
Let r be (5 - 1 - 5)*1 - -12. Let c(p) be the first derivative of -p**2/2 + 11*p - 250. What is c(r)?
0
Let f(q) = -20 - 7*q + 2 + 5 + 3 + 7. Calculate f(6).
-45
Let r(f) be the third derivative of -1/120*f**6 + 0*f - 7/24*f**4 - 2/3*f**3 + 0 + 41*f**2 - 1/12*f**5. What is r(-4)?
8
Let v = 966 - 978. Let s = 5 + 2. Let r = v + s. Let x(t) = t**3 + 7*t**2 + 7*t + 2. What is x(r)?
17
Let l(i) = -149*i**2 - 4*i + 280*i**2 - 130*i**2 - 5. What is l(5)?
0
Let n(h) = h + 6. Suppose 20 = -782*p + 786*p. What is n(p)?
11
Let x(s) = 4*s**3 - 13*s**2 - 14*s + 15. Let w(d) = -d**3 + 4*d**2 + d - 2. Let m(i) = 6*w(i) + x(i). Give m(5).
-12
Let s(x) be the first derivative of 4*x**3/3 - 3*x - 2. Suppose 0 = -5*t - 35, -4*y - 4 - 15 = t. Give s(y).
33
Let n(j) = -13 + 32*j**3 + 7*j - 161*j**3 - 12*j**2 + 65*j**3 + 5*j + 63*j**3. Calculate n(-13).
0
Let o(l) = 39*l - 20*l - 21*l + 4. Let g be 162/(-27) - (0 - -1). What is o(g)?
18
Suppose 48*a = 49*a - 119. Let s be (6/(-7))/((-17)/a). Suppose 3*t - i = 1, 3*t - s*i = -i + 5. Let z(h) = h**3 - h**2 + 2. Calculate z(t).
2
Let b(i) = -2*i**2 - 8*i + 9. Let z = -1621 - -1627. Give b(z).
-111
Let a(f) = 19*f - 8*f - 1 - 9*f. Suppose 3*b + 2*h - 9 = h, 0 = -2*b - 5*h + 6. Suppose -5 - 4 = -b*j. Calculate a(j).
5
Let m(y) be the second derivative of 7*y**3/6 + y**2/2 - y. Suppose -7*x = -5*c - 4*x + 19, -4*x + 0*x - 32 = 0. Determine m(c).
-6
Let o = 5086 + -5097. Let f(q) = q**2 + 8*q - 25. Give f(o).
8
Let f(r) = r - 5. Let o(n) = n**3 - 3*n**2 - 5*n + 12. Let k be o(5). Let i = -35 + k. Let u be (-6)/27 + i/9. Give f(u).
-5
Suppose 0 = -4*w - 3*d - 1 + 61, 5*w - 82 = -2*d. Let s(p) = -p**3 - p**2 - p - 1. Let o(v) = 5*v**3 - 14*v**2 + 5*v - 19. Let x(l) = o(l) + 4*s(l). Give x(w).
-5
Let i be ((2 + -1)*-3)/(9/(-15)). Let j(p) = p + 6. Let v(l) be the first derivative of l**2 + 9*l - 2. Let s(n) = i*v(n) - 8*j(n). Give s(3).
3
Let d(h) = h - 1. Let r(u) = -2*u + 5. Let s(c) = 3*c - 8. Let l(g) = 5*r(g) + 3*s(g). Let j(k) = -5*d(k) - 6*l(k). Determine j(1).
0
Let d = -536 - -513. Suppose q - 3*x - 18 - 9 = 0, 0 = 5*q - 3*x - 135. Let u = d + q. Let k(v) = -v**2 + 2*v + 3. Give k(u).
-5
Let n(j) = 3*j**3 + j**2 - 2*j + 1. Let c(m) = m**2 - 3*m - 6. Let d(y) = -3*y + 13. Let u be 1*0/(-3) - -3. Let o be d(u). Let p be c(o). Calculate n(p).
-15
Let y(w) = -w**3 + 3*w**2 - 4*w + 3. Suppose -6*d + 3*d = 5*m - 80, 4*m + 2*d = 66. Let c = 22 - m. What is y(c)?
-9
Let p(a) = -8*a - 51. Let s be p(-8). Let f(v) = -41*v**2 + 80*v**2 - s*v + 3*v - 41*v**2 + 11. Give f(-6).
-1
Let b(n) = 4*n - 2. Let c = 374 - 359. Suppose -3*d + 5*k + 1 = c, -5 = 3*d + 4*k. Determine b(d).
-14
Let y(u) = -2*u**2 + 12*u + 2. Let h(w) = -3*w**2 + 14*w + 2. Let o(p) = -3*h(p) + 4*y(p). Calculate o(-2).
-6
Let z(s) = 44*s**3 + s**2 + s + 6. Let w(r) = 34*r**3 + r**2 + 2*r + 6. Let g(k) = -4*w(k) + 3*z(k). Calculate g(-2).
32
Let v(d) = -d**2 + 5*d - 1. Let o be -3 + 72/4*-1. Let h be (-156)/o - 48/112. Determine v(h).
-15
Suppose t + 3 - 6 = 0. Let u(f) = 17*f**2 - 16*f**2 + 3*f - t*f - 9. Suppose 0 = -7*d + 4*d. Give u(d).
-9
Let r be (-23)/(-1) - 18 - 3. Let k(n) = -24*n + 14. Determine k(r).
-34
Let i(t) = t**2 + 3*t + 2. Let r(f) = -f**2 - 171 - 180 + f + 350. Let a(n) = -n**3 + 2*n**2 - 1. Let h be a(-1). Let w be r(h). What is i(w)?
2
Let j(u) = -u**2 + 3. Let s(p) = 3*p**2 - p - 10. Let k(y) = 14*j(y) + 4*s(y). Suppose -145*x = -150*x - 20. Determine k(x).
-14
Let h(n) be the first derivative of -n**4/4 - 2*n**3/3 - 3*n**2/2 - 1. Suppose -3*p - 71 = -59. Let s be ((10/p)/(-5))/((-1)/4). Determine h(s).
6
Let b(d) = -d**2 - 12*d + 18. Let u be b(-12). Let z be 140/(-30)*(u/7)/(-1). Let n(y) = -y**2 + 5 + 5*y + 6 - z - 2. What is n(3)?
3
Let a(s) = -s**3 + 11*s**2 + 6*s. Let n be -40 + 49 - (0 + -3). Determine a(n).
-72
Let l(k) = -k**2 - 9*k - 7. Suppose 24 = -13*z + 10*z. Let n be l(z). Let o(a) = a - n - 7 - 3. Calculate o